ighest common divisor of z and w.
7
Let c(g) = 5*g + 1. Let k = 25 + -19. Let x(f) = 5*f + 1. Let q(h) = k*c(h) - 5*x(h). Let b be q(7). Calculate the greatest common factor of b and 9.
9
Suppose r = 5*r - 20. Suppose r*q + c - 32 = 0, -4*q + 61 = -5*c + 18. Let s = 0 + q. What is the highest common divisor of s and 1?
1
Let s be 250/(-5)*(-5)/(-10). Suppose b - 88 = -b. Let h = s + b. What is the greatest common divisor of h and 57?
19
Let u be (2/18)/(33/297). What is the greatest common divisor of u and 197?
1
Let u = -596 + 630. What is the greatest common factor of 629 and u?
17
Suppose -12*a - 19*a + 23808 = 0. Calculate the greatest common divisor of a and 48.
48
Suppose 5*r = 4*j + 240, -r + 0*r + 2*j = -42. What is the greatest common divisor of 104 and r?
52
Suppose 4*i - 2*i = -5*w + 120, 3*w = -3*i + 198. Let z = -60 + i. Calculate the greatest common factor of z and 90.
10
Suppose 0 = -5*t + r + 2*r + 79, -3*t + 30 = 4*r. Let q = 24 - t. What is the greatest common factor of q and 25?
5
Suppose -13 = 5*f + 4*k, k - 2 + 8 = -4*f. Let i(u) = -19*u**3 - u**2 - u. Let g be i(f). What is the greatest common factor of 171 and g?
19
Let k be (-313)/(-3) - 2/(-3). Suppose -88*h + 840 = -32*h. Calculate the highest common divisor of h and k.
15
Let r = 83 + -74. Calculate the highest common factor of 15 and r.
3
Let k = 110 + -88. Suppose -3*s = -8 - k. Calculate the highest common divisor of 130 and s.
10
Let k be ((-810)/24)/(-3)*(-48)/(-18). What is the greatest common factor of k and 3420?
30
Let s = 27 - 69. Let f = -15 - s. Calculate the highest common divisor of f and 81.
27
Let d(t) = -t + 1. Let s be d(1). Suppose -2*a + 5*v - 5 = s, -3*a + 8*a + 5*v = 75. Let k be 13/2 + (-15)/a. What is the greatest common factor of k and 55?
5
Suppose 111 = 3*n - a, 5*n - 153 = 3*a + 32. Let u = n - -2. Calculate the highest common divisor of u and 13.
13
Suppose 4*w = 5*l - 6 - 35, -l + 4*w = -5. Calculate the greatest common factor of 288 and l.
9
Let i be (-210)/(-2) - (-17 + 19). Let q = i + 128. What is the greatest common factor of 21 and q?
21
Let v = -60 + 94. Let d = -18 + v. Calculate the greatest common factor of 40 and d.
8
Let o = -198 + 212. Calculate the highest common divisor of o and 56.
14
Let t be (7458/(-12))/(17/(-34)). What is the greatest common factor of t and 11?
11
Let n = 9 - -4. Let b(a) = 118*a**3 - 2*a**2 + 4*a - 3. Let p be b(1). Calculate the greatest common divisor of n and p.
13
Let b = -1212 + 1230. What is the greatest common factor of 8 and b?
2
Let m(v) = -v**3 - 11*v**2 - 2*v - 22. Let q be m(-11). Let x be (-1)/(-1) + (14 - -1) + q. Calculate the greatest common divisor of 32 and x.
16
Let o be -1 + 111 + -1 - -1. Let v be (-6)/(-15)*o/4. What is the highest common divisor of v and 22?
11
Suppose -78*z + 74*z + 80 = 3*g, g - 34 = -5*z. What is the highest common divisor of g and 10?
2
Suppose q - 8 = 5. Let j = 18 + -22. Let k be j + (-6)/(-3) + 145. Calculate the greatest common divisor of k and q.
13
Let l = -1231 - -1332. What is the greatest common factor of 909 and l?
101
Let y = 1824 + -1802. Calculate the greatest common factor of 1408 and y.
22
Suppose 5*z + 0*d - 2799 = 2*d, 564 = z + d. Calculate the greatest common divisor of z and 132.
33
Let m be (-9)/72 + (-498)/(-16). Calculate the highest common factor of 31 and m.
31
Let q be (-2 - (3 + -11)) + 62. Let j = 3 + 2. Suppose -j*t = 21 - 106. What is the highest common divisor of q and t?
17
Let p be (-2 - -1*61) + 1 + 4. What is the highest common factor of 40 and p?
8
Let q be 8*-6 + (-4)/4. Let f be (-2)/8 + q/(-4). Suppose -2*v + 31*d + 184 = 33*d, 4*v = 4*d + 400. Calculate the highest common factor of v and f.
12
Let k be 7878/11 + 10/(-55) + -2. Calculate the greatest common factor of 24 and k.
6
Suppose 71*n = 66*n. Let u(q) = 2*q**2 + 2*q + 50. Let r be u(n). Calculate the greatest common divisor of 20 and r.
10
Suppose 58 = 3*m - s, 0*m - s = -4*m + 76. Let z = 574 - 172. Let i = -240 + z. Calculate the highest common factor of m and i.
18
Let c be (1/1)/(2/10). Suppose -3*p + 4 = -c*y, 3*y - p + 2*p = 6. Let h = 61 - y. Calculate the greatest common divisor of 12 and h.
12
Let i = -62 + 50. Let s = 46 + i. What is the highest common factor of 340 and s?
34
Let a(v) = -v + 4. Let n be a(4). Let z be -6*(-1 - n)*5. Suppose 3*q + q + 3*x - 69 = 0, 0 = q - 2*x - 9. What is the highest common factor of q and z?
15
Let f = 29 + -27. Let y be 98/f + -12 + 11. Suppose -l + 42 = -y. What is the greatest common divisor of 10 and l?
10
Suppose -30 = -g - 2*g. Let n be ((-5)/g)/(1/(-10)). Suppose 80 = 5*h + n*w, 0 = 5*h - w - 3*w - 53. What is the highest common factor of 26 and h?
13
Let y(f) be the second derivative of f**4/12 - 7*f**3/6 + 9*f**2/2 + 2*f. Let m be y(-5). Suppose v - m = -27. What is the greatest common factor of 6 and v?
6
Let l = 21 - 12. Suppose 1 = 5*x - 4*v + 2*v, -3*v = x - 7. Let z be (41 + -8)*3*x. What is the greatest common divisor of l and z?
9
Suppose 1346 = -7*x + 3362. Suppose -4*z + 8*z = x. What is the highest common factor of z and 8?
8
Suppose 3*d - 1 = 8. Suppose -44 - 76 = -d*n. Calculate the highest common factor of 8 and n.
8
Let o be 12*(-10)/(-22 - -2). Calculate the greatest common factor of 32 and o.
2
Let i be -7*(-4)/4 - 2. Suppose 0 = -4*b + i*m - 4*m + 38, -2*b + 18 = -m. Calculate the greatest common factor of 190 and b.
10
Let w = -18 + 32. Let q(t) = -t + 33. Let d be q(w). Let u = -14 + d. What is the highest common divisor of u and 5?
5
Suppose 11 + 5 = 2*g. What is the highest common factor of g and 6?
2
Suppose 0 = -5*t - x + 393, 324 = 4*t + 39*x - 35*x. Calculate the greatest common divisor of 624 and t.
78
Let j be 0 - (1/(-1) + 20). Let a be 938/35 + 2/10. Let s = j + a. What is the greatest common factor of s and 12?
4
Suppose 3*b + 3*p - 8*p = -27, 4*p = -4*b - 36. Let a be (-6)/b*(-7 - -10). Let q be (-140 + a)*5/(-15). Calculate the greatest common divisor of q and 115.
23
Let f be (-3342)/(-19) - 90/(-855). What is the highest common factor of 33 and f?
11
Suppose -8 = 5*k + 32. Let v(f) = f**3 + 10*f**2 + 14*f - 1. Let c be v(k). What is the greatest common factor of c and 3?
3
Let f(d) = -2*d + 34. Let c be f(17). Suppose -6*u + 2*k + 40 = -u, c = -5*u + 3*k + 35. Calculate the highest common divisor of 10 and u.
10
Let k(r) = 6*r**2 + 6*r**2 + r - 4 - 4*r. Let a be k(3). Suppose -4*m - a = -9*m. Calculate the greatest common divisor of m and 95.
19
Let w be (-1186)/(-34) + 162/1377. What is the highest common divisor of w and 168?
7
Let d = -2110 - -2214. Calculate the greatest common factor of 1092 and d.
52
Suppose 34*w - 55*w + 189 = 0. What is the highest common factor of w and 4?
1
Let b = -120 + 49. Let w = 73 + b. What is the greatest common factor of w and 12?
2
Suppose -12*d - f + 68 = -11*d, -2*d + f = -121. What is the greatest common divisor of d and 14?
7
Let h = 41 - -179. Suppose v + 18 + 22 = 2*y, 0 = -3*v. Suppose -y = -0*a - a. What is the greatest common divisor of a and h?
20
Let n(f) = -f**2 - 14*f - 10. Let c be n(-13). Suppose 0*g = -5*g + 20. Let b = c + g. Calculate the highest common factor of b and 7.
7
Let k(j) = 12*j**2 + 4*j - 19. Let s be k(-6). Suppose 0 = 2*p + 25 - s. What is the greatest common factor of p and 26?
26
Suppose 4*b + 5*z + 12 = 0, -3 = -b + 2*b + 2*z. Let y be ((-1)/b)/(((-21)/(-18))/7). Calculate the greatest common factor of y and 6.
2
Suppose 0 = -5*m + 9 - 74. Let f = m - -36. Let y be f - (3 + 0 - 2). What is the greatest common divisor of y and 11?
11
Suppose 7*i + 124 = 222. Let g = -1 + 2. Let n be 2/(37/35 - g). What is the greatest common factor of i and n?
7
Let m(k) = -k**2 - 52. Let l be m(7). Let r be (-3 + 1)*(l - 3). Calculate the greatest common factor of 26 and r.
26
Let i = -559 + 567. What is the highest common factor of 140 and i?
4
Let h = 101 + 34. What is the greatest common divisor of h and 90?
45
Suppose -3*q + 17 + 103 = 0. Let l be q/3*-21*-1. What is the greatest common factor of 35 and l?
35
Let t be 266/6 + 14/21. Suppose -m + t = 4*h, 0*h - h - 70 = -m. Calculate the greatest common factor of 26 and m.
13
Suppose 8*o - 16*o = -696. Let m(g) = g**2 + g - 1. Let y be m(5). Calculate the highest c